*2 + 31*z + 29. Let i be f(-7). Calculate the greatest common factor of 2226 and i.
106
Suppose -2 = -s + 5. Suppose 2*l + 2*l + 5*c = 25, -4*l = c - 37. Suppose 3*q + l = 2*u - 1, 3*q + 14 = 5*u. Calculate the greatest common factor of s and u.
1
Let n = 64 + -60. Suppose n*r + 0*r - 4*g - 92 = 0, -4*g = -2*r + 48. Calculate the greatest common divisor of 66 and r.
22
Let g(r) = -r**2 + 2*r. Let p be g(1). Let s be (3 - 12/3)*-4. Let t = s - p. What is the greatest common divisor of t and 6?
3
Let v be (-9 - 27)*2/(-3 + -1). What is the greatest common factor of 306 and v?
18
Suppose -446*i - 120 = -454*i. Let a be -1*2*45/(-6). Calculate the greatest common divisor of i and a.
15
Let s(v) = -v**2 + 20*v + 21. Let a be s(9). Let j = a + -83. What is the highest common divisor of 74 and j?
37
Let t be (-27780)/(-24) - (-1)/4*6. Calculate the greatest common divisor of 19 and t.
19
Let f be (19 + -6 + -1)/((-2)/(-12)). What is the highest common factor of f and 192?
24
Suppose -2 = -5*u + 4*x, u - 16 = -5*x - 4. Let w = 37 - 25. Suppose 5*q = w - 2. What is the greatest common factor of q and u?
2
Let s(h) = 50*h**3 - 3*h + 5. Let c be s(1). What is the greatest common factor of 637 and c?
13
Let f(l) = 59*l - 513. Let z be f(25). What is the greatest common divisor of 52 and z?
26
Let f(d) = -3*d - 32. Suppose 16*c - 28 = 18*c. Let i be f(c). What is the greatest common factor of 170 and i?
10
Suppose -17*n = 3*n - 1200. Calculate the highest common factor of n and 24.
12
Suppose 0 = 5*b - 126 + 6. Let f be 12 + (-1 + -1 - -2). What is the highest common factor of f and b?
12
Let v = 11 - 11. Suppose 2*j = 4 - v. Let f be (10/6)/(2/6). Calculate the highest common divisor of j and f.
1
Let o(i) = -34*i**2. Let h be o(2). Let m = -81 - h. Calculate the greatest common factor of 22 and m.
11
Let s be 2/(-9) + (-9)/(243/(-816)). Calculate the highest common divisor of 20 and s.
10
Suppose 0 = 6*z - 172 + 58. Let f(u) = u**3 + 12*u**2 - 4*u - 10. Let w be f(-12). What is the greatest common factor of w and z?
19
Suppose 0 = -2*d + 43 - 27. Calculate the greatest common factor of 88 and d.
8
Let a = 95 + -8. Suppose c + c = -3*x + 38, 3*c - 3*x = a. Let d = 42 - 17. Calculate the greatest common factor of c and d.
25
Let z(f) = 69*f - 72. Let j be z(4). Calculate the highest common divisor of j and 153.
51
Suppose 52*i + 240 = 57*i. Calculate the greatest common divisor of 1 and i.
1
Let o(m) = 5*m**2 + 8*m - 51. Let a be o(8). Calculate the highest common divisor of a and 185.
37
Suppose -4110 = -28*d + 930. What is the highest common factor of d and 72?
36
Let f(y) = y**3 + 8*y**2 - 21*y + 28. Let x be f(-10). Calculate the greatest common factor of 209 and x.
19
Suppose v - 956 + 63 = -4*c, -2*c + 439 = 3*v. What is the highest common factor of 1232 and c?
112
Suppose 18*k - 1470 = 8*k. Let c = -118 + k. What is the greatest common factor of c and 232?
29
Suppose -75 = -0*b - 3*b. Suppose -2280 = 12*o - 20*o. Suppose o = s + 3*l + 69, -4*l = 12. Calculate the highest common divisor of b and s.
25
Let n be 36/9*1*(-1)/(-1). Suppose 0 = -3*w + 2*u + 17, w + n*u = 2*w + 11. Calculate the highest common factor of 9 and w.
9
Suppose 6 = -12*a + 13*a. Suppose 5*i = -2*y + 1, -2*i + 0*y + 2*y + a = 0. Calculate the greatest common factor of 1 and i.
1
Let r be 3 - 0/(-3 + 0). Suppose 5*y = 2*c + 6*y - 157, r*y - 71 = -c. Calculate the greatest common factor of 60 and c.
20
Let d = 295 + -235. What is the greatest common divisor of d and 210?
30
Let d = 1673 + -1593. Let h(g) = 13*g + 5. Let z be h(15). Calculate the highest common divisor of z and d.
40
Suppose -854*d = -848*d - 2418. Calculate the highest common divisor of d and 65.
13
Let p(q) = -2*q**3 - 26*q**2 + 3*q - 25. Let s be p(-14). Calculate the highest common divisor of s and 50.
25
Let w(s) = -7*s - 5. Let r be w(-1). Suppose -51 = -r*c - 23. Calculate the highest common divisor of 126 and c.
14
Suppose 0 = -8*g + 195 + 45. Let z = -47 + 87. What is the highest common factor of g and z?
10
Suppose -5*g + a + 4*a - 15 = 0, 4 = 4*a. Let h be 1/((-2)/25)*g. Let c = -638 - -648. What is the highest common divisor of c and h?
5
Let w = 1014 + -702. What is the highest common divisor of 39 and w?
39
Let o(f) = 8*f**2 - 14*f + 238. Let y be o(9). What is the greatest common factor of y and 40?
40
Let z(i) = -195*i**3 + i**2 - i - 1. Let m be z(-1). Suppose -8*g - m = -15*g. What is the greatest common factor of 140 and g?
28
Let q be 6/(-4) + 315/(-18). Let t = q - -128. Suppose 2*g = t + 231. What is the highest common divisor of g and 68?
34
Suppose 0 = 5*m - 3 - 12. Suppose 16 - 43 = -3*t - 2*k, -m*t + 27 = 5*k. Calculate the highest common factor of 99 and t.
9
Suppose -2*a + 0*a = 2*n - 160, -2*a - 71 = -n. Let p = 90 - n. Calculate the greatest common factor of 325 and p.
13
Suppose -9*j - 6*j = -780. What is the greatest common divisor of 832 and j?
52
Suppose 0 = -6*b + 3*b + 6. Suppose -2*j = -5*y - 14, 3*y = -2*j - b - 16. Let h be (-5)/(5/(-2)) - y. What is the greatest common factor of 6 and h?
6
Let y = 33 + -29. Suppose -5*u - 190 = -y*u + 3*d, d - 1014 = 5*u. Let j = 402 + u. Calculate the highest common factor of 25 and j.
25
Let h(k) = -k**2 - 1. Let y(n) = -3*n**2 - 21*n + 44. Let r(t) = -4*h(t) + y(t). Let b be r(24). What is the greatest common divisor of b and 48?
24
Suppose -4*n + 5*n - 4 = 0. Let s be (1*-12)/((-6)/n). Let p(t) = 3*t**2 + 18*t - 125. Let j be p(5). What is the highest common factor of j and s?
8
Let f(u) = -u**3 - 6*u**2 - 6. Let a be f(-6). Let m be 99/18 + a/4. Let i = m + -1. What is the highest common factor of i and 3?
3
Let f = 67 + -57. Suppose -y + f + 44 = 5*k, -90 = -2*y - 4*k. What is the greatest common divisor of y and 26?
13
Suppose -34*y = -33*y - 1111. Calculate the highest common factor of 11 and y.
11
Let w = -48 + 75. Suppose 1 = 2*b - w. Calculate the greatest common divisor of b and 35.
7
Suppose n = -2*y - 1, 3*y + 1 = -11. Suppose 2*o = o + n. Suppose 0 = -3*j + 3*c + 30, -2*j - 3*c = -o*c - 20. What is the highest common divisor of j and 70?
10
Let l = -36 - -34. Let d be (2/3 - 2)/(l/558). What is the highest common divisor of d and 12?
12
Suppose -2*p + 0*p = -16. Let x be (-4)/p - (-2 + (-250)/4). Suppose 0*j - 8 = -j. Calculate the greatest common factor of x and j.
8
Suppose 148 = 12*w - 8*w - 3*f, -5*w - 2*f + 208 = 0. What is the highest common divisor of 320 and w?
40
Let w(z) = 71*z**2 - 18*z + 17. Let y be w(1). Calculate the highest common divisor of y and 20.
10
Let t(p) = 3*p**2 - 10*p - 17. Let s = 79 - 72. Let o be t(s). What is the greatest common divisor of 150 and o?
30
Let u = -14 - -16. Suppose -1 = -u*j - 4*k - 13, -5*j + 3*k = -22. Let a be j/(-8) - 373/(-4). Calculate the highest common factor of 31 and a.
31
Let p = 373 + -256. Suppose i - 5 = -3*a + p, i = 5*a + 138. What is the highest common factor of 16 and i?
16
Suppose -u - 3*x = -0*x - 42, 2*x + 224 = 4*u. Suppose -213*d - 3 = -209*d - 39. Calculate the highest common factor of u and d.
9
Let h be ((-880)/(-6))/((-5)/15). Let b be h/(-36) - 2/9. Suppose 39*v - 35*v - 120 = 0. What is the highest common divisor of v and b?
6
Let x(k) = k - 10. Let d be x(16). Suppose 7*v = d*v + 64. What is the greatest common divisor of v and 16?
16
Let i be ((-250)/(-80))/(10/24)*6. Calculate the highest common factor of i and 615.
15
Suppose 5*s = -3*n + 307, 4*n = -3*s - 67 + 249. What is the highest common divisor of 217 and s?
31
Suppose -408 = -16*z + 488. Calculate the greatest common divisor of z and 434.
14
Suppose -l + 2*v - 212 = -0*v, 0 = -2*l - 4*v - 440. Let q = l - -346. Calculate the highest common factor of 26 and q.
26
Let k = -8 - -11. Let c be (-1)/1 + 21/7. Suppose -16 = -c*n + 2*r, -n - 3*r = 3*n - 18. Calculate the highest common factor of k and n.
3
Let v(h) = 2*h. Let i be v(2). Let j = i + -4. Suppose -2*l - 4*w = -j*l - 58, l = -3*w + 30. Calculate the highest common factor of 54 and l.
27
Suppose -6*p = -p - 450. Let u be (-5*(-24)/(-20))/(2/(-6)). Calculate the highest common factor of p and u.
18
Let i(c) = -6*c + 27. Let f be i(9). Let h = f - -35. What is the highest common factor of 4 and h?
4
Suppose -2*y - f + 49 = 4*f, -43 = -4*